r(s) + 6*x(s). Let j be n(-1). List the prime factors of (60/(-36))/(1/j).
5
Let t(p) = -93*p + 182. List the prime factors of t(-5).
647
Suppose 2*t + 5*x - 9542 = 0, 2*t + 18*x = 16*x + 9542. What are the prime factors of t?
13, 367
Suppose 60885 = 2*g + 13*g. List the prime factors of g.
3, 11, 41
Let n(t) = -2*t - 10*t - 1 + 0. What are the prime factors of n(-4)?
47
List the prime factors of (1161 + 1 - -2)*5/15.
2, 97
Let w(i) = i**2 + 4*i - 4. Let f be w(-4). What are the prime factors of (2/7)/(f/(-28))?
2
Suppose 3*a - 34 = 3*j + 119, -31 = -a - 4*j. Suppose 45*f + 218 = a*f. List the prime factors of f.
109
Let p(l) = l**3 + 8*l**2 + 4*l - 11. Let d = 12 - 19. What are the prime factors of p(d)?
2, 5
Let c(r) = -r**2 - 4*r + 24. Let z be c(4). Let d(m) = -m**3 - 6*m**2 - 18*m + 10. What are the prime factors of d(z)?
2, 3, 47
Suppose 3*x = -2*x + 405. Let a = 142 - x. List the prime factors of a.
61
Suppose -134*h + 84*h = -80700. What are the prime factors of h?
2, 3, 269
Suppose 0 = m + 2*g + 1, 6 + 1 = 5*m + 4*g. Let d be (1/m)/((-3)/(-9)). Let r(i) = 9*i**3 - i**2 + i. What are the prime factors of r(d)?
3
Suppose 11*x = 2*x - 1287. Let k = -75 - x. What are the prime factors of k?
2, 17
Let n = -2676 + 3814. List the prime factors of n.
2, 569
Suppose 0 = 43*b - 52143 - 91047. What are the prime factors of b?
2, 3, 5, 37
Let l = 95 - 67. Let p(w) = 14*w**2 + 2*w + 3. Let q be p(-2). Let m = q - l. What are the prime factors of m?
3
Let y = -1 + 2. Let r be -1 - -2 - (-17)/y. Suppose r = 2*q + q. What are the prime factors of q?
2, 3
Let d(x) = -299*x**3 + 2*x**2 - 3*x - 2. Let n(i) = 598*i**3 - 3*i**2 + 6*i + 4. Let s(g) = -7*d(g) - 4*n(g). List the prime factors of s(-1).
2, 149
Suppose -3*d + 8*d = 0. Suppose d*z + 3 = z. What are the prime factors of 22*-1*z/(-6)?
11
What are the prime factors of 210 + 12/(4 - 10)?
2, 13
Let f(i) = 8*i**3 - 4*i**2 - 25*i - 18. What are the prime factors of f(8)?
2, 1811
Let m(l) = -l - 3. Let q be m(-3). Suppose -2*d + 2*f + 2*f + 116 = q, 5*f = -15. What are the prime factors of d?
2, 13
Let u = -11 - -12. Let k = u + 4. Suppose a - k*o - 102 = -3*a, -2*a - 2*o + 42 = 0. What are the prime factors of a?
23
Let c be 2/3*15/2. Suppose 10 = -2*q, -5*i - 75 = -0*q - c*q. What are the prime factors of (i/6 + 4)*66?
2, 11
Suppose 0 = -5*r + 3*r. Let o be (r + (0 - 1))/1. List the prime factors of o/(-4) + (-334)/(-8).
2, 3, 7
Let c(r) be the first derivative of -5*r**2/2 - 14*r + 5. Let l = -17 - -11. What are the prime factors of c(l)?
2
Let x be 2/((-8)/(-83))*4. Let n = x - 8. What are the prime factors of (-6)/12*(-1 - n)?
2, 19
List the prime factors of (-315 + 1)/((-72)/(-20) + -4).
5, 157
Suppose 0 = 5*a - 6 + 46. Let j(t) = -t**2 - 9*t - 8. Let h be j(a). Suppose -4*n + h*n + 172 = 0. What are the prime factors of n?
43
Let i(x) = x - 6. Let t be i(9). What are the prime factors of (t/(45/(-25)))/((-1)/27)?
3, 5
Let m(l) = -163*l - 20. Let a be m(-2). Let d = -136 + a. List the prime factors of d.
2, 5, 17
Suppose -20*k = -3631 + 811. List the prime factors of k.
3, 47
Let c = -45 + 18. Suppose 2*a + 26 + 25 = -3*j, -13 = j + 2*a. Let z = j - c. What are the prime factors of z?
2
Suppose -17*w + 2607 = -21873. What are the prime factors of w?
2, 3, 5
Let t(l) = 2*l**2 - 8*l. Let h be t(7). Suppose -g + h = 2*q, -5*g = -4*q + 97 + 15. What are the prime factors of q?
23
Let m = -173 - -261. What are the prime factors of m?
2, 11
Let i(b) = 8*b**2 + 6*b. Let a(h) = h**2 - 1. Let t(u) = -5*a(u) + i(u). Let v be t(-4). List the prime factors of v - -3 - (0 + 0).
2
Let x(l) = 3 - 4*l - 5*l**2 - l**2 + 7*l**2. Let u be x(4). What are the prime factors of ((-1)/u)/((-2)/78)?
13
Let y(n) = 4*n**2. Let r be y(-2). Suppose 11*a - 15*a + r = 0. Suppose 2*d - 225 = -5*z, -a*d - 6 + 26 = 0. What are the prime factors of z?
43
Let f = -19 + 26. Suppose 24 = f*h - 4. Suppose -h*n - 40 = -8*n. List the prime factors of n.
2, 5
What are the prime factors of (-25)/3*488/(-24)*9?
5, 61
Suppose 5*u - 15350 + 3240 = 0. List the prime factors of u.
2, 7, 173
Let l(d) = d**2 + 2*d - 5. Let w be l(-4). Suppose -3*y = -0*y + w*z - 264, 4*y - 355 = -z. List the prime factors of (-9)/(-27) + y/3.
2, 3, 5
Suppose -5*z + 2*k - 60 = 0, -4*k + 24 = -2*z - 9*k. Let t = 8 + z. List the prime factors of ((-1)/(-1))/(t/(-92)).
23
Let n(y) be the first derivative of y**4/4 - 2*y**3 + 9*y**2/2 - 7*y - 15. What are the prime factors of n(6)?
47
Suppose 3*x = -3*u + 2805, 3*u = 2*u + 5*x + 935. Suppose -10*m = -15*m + u. List the prime factors of m.
11, 17
Suppose 3*s + 334 = -3*w + 2*w, -2*s = -2*w + 220. Let k = 155 + s. What are the prime factors of k?
2, 11
Let p(m) = -m**3 + 9*m**2 + 5*m - 6. Let w be p(9). Suppose 2*r + 54 = 2*y, -4*y - r + 79 = -w. Let j = y - 16. What are the prime factors of j?
13
Suppose 3*s + 18*k = 17*k + 2999, 4*s - 3*k - 3977 = 0. List the prime factors of s.
2, 499
Suppose 285 = -0*x + 3*x - 4*o, -5*x = 4*o - 443. What are the prime factors of x?
7, 13
Suppose -2*c - 1 + 5 = 0, -74 = 4*f - c. List the prime factors of (-271)/(-7) - f/63.
3, 13
Suppose c - 2*m - 3535 = -71, -4*c + 2*m + 13874 = 0. List the prime factors of c.
2, 5, 347
Let r = 838 - 694. List the prime factors of r.
2, 3
Let c be 2/3 - 1100/30. Let k = c + 95. What are the prime factors of k?
59
Suppose 33 = 4*c + 5*i, -4 = 5*c - 4*i + 6. Suppose -c*m + 127 = 21. What are the prime factors of m?
53
Let b = 183 - 170. Suppose 2*m - 4 = -5*h, -h = -3*m + 2*h + 6. Let c = m + b. List the prime factors of c.
3, 5
Let f be 2 + (2560/28 - (-8)/14). Suppose -9*g = -8*g - f. What are the prime factors of g?
2, 47
Suppose 0*r + 2*r = 50. Suppose 6*s - s - r = 0. Suppose -3*i - 8 = -2*v - 2, -s*v = -i - 41. List the prime factors of v.
3
What are the prime factors of (196/210 + (-4)/(-6))*310?
2, 31
Suppose 10*r - 11*r = -2. Suppose -4*x + r*w = 7*w - 484, 4*x - 2*w = 484. Let v = x + -71. What are the prime factors of v?
2, 5
Let l = -284 + 606. What are the prime factors of l?
2, 7, 23
Let g = 621 + 27. Suppose 0 = 8*h - 0*h - g. What are the prime factors of h?
3
Suppose -w - 5*y + 4910 = 0, 4*y = -37*w + 32*w + 24613. List the prime factors of w.
5, 197
Let b(l) = 5*l**2 + l. Let c be b(-1). Suppose 18 = c*s + j, 0 = -5*s + 3*s - 5*j. Suppose 5*q = -s*d + 2*q + 90, 36 = 2*d - q. List the prime factors of d.
2, 3
Let r(n) = 655*n. Let d be r(-2). List the prime factors of d/(-50) - (-1)/(-5).
2, 13
Let g(t) = 5*t + 6. Let x be g(-4). What are the prime factors of (-8)/x + (-24)/(-7)?
2
Let z = 4 + 86. Suppose -54 = -6*i + z. What are the prime factors of i?
2, 3
Let f = 3347 - 1453. List the prime factors of f.
2, 947
Let n(j) be the third derivative of -j**5/60 - 19*j**4/24 - j**3/6 - j**2. Suppose -13*l - 152 - 82 = 0. List the prime factors of n(l).
17
Suppose 0 = 7*l - 1958 - 107. List the prime factors of l.
5, 59
Let o = -9 + 9. Let n(m) = m**3 + 2. Let x be n(o). Suppose x*p = -2*p + 92. List the prime factors of p.
23
Suppose q + y - 3 - 3 = 0, -3*q + 2*y - 7 = 0. Suppose 0 = 4*x - 11 - q. Suppose 25 + 80 = x*i. What are the prime factors of i?
5, 7
Let s(f) = f**3 - 6*f**2 + 7*f. Let y be s(2). What are the prime factors of ((-70)/4 + y)/(63/(-840))?
2, 5, 13
Suppose 4*h - 18 = -6*x + x, 4*x = -4*h + 16. Suppose -3*b + 796 = -5*c, h*b - 148 = c + 7*b. Let l = -85 - c. List the prime factors of l.
73
List the prime factors of -1 - ((-2380)/5 - 7).
2, 241
Let j = 167 + -292. Let r = j + 374. What are the prime factors of r?
3, 83
Let q = 568 - 308. List the prime factors of q.
2, 5, 13
Suppose 0 = 52*w - 49*w - 1131. What are the prime factors of w?
13, 29
Let t be ((-6)/(-10))/(2 - 27/15). Let v = t + 25. What are the prime factors of v?
2, 7
Let g(t) = 3*t**3 - 5 - 2*t**3 + 3 + 10*t + 11*t**2. What are the prime factors of g(-8)?
2, 5, 11
Let q = 35 - 32. Suppose -3*d - 15 = -5*r, -r + q*r - 15 = 3*d. Suppose 5*f - 3*s - 240 = r, -5*f + s + 0*s + 240 = 0. List the prime factors of f.
2, 3
Suppose -4*u = -355 - 9. Let c = u - 54. What are the prime factors of c?
37
Let o(y) = -18*y + 81. Suppose -21 = 8*v + 27. List the prime factors of o(v).
3, 7
Suppose 2*g + 3 - 7 = 0. Suppose -2 + 6 = g*k. Suppose 0 = -h + 22 - k. List t